hest common divisor of 2148 and 4770708.
2148
Calculate the greatest common factor of 21069705 and 915.
915
What is the greatest common factor of 1480 and 12599240?
1480
Calculate the highest common divisor of 102759951 and 100912.
6307
What is the greatest common factor of 136197 and 2294?
37
What is the greatest common factor of 578 and 18302642?
34
Calculate the highest common divisor of 13376195 and 10710.
595
Calculate the highest common factor of 2414 and 1904355113.
1207
Calculate the highest common divisor of 5056 and 13076080.
1264
Calculate the highest common divisor of 40472 and 17144.
8
Calculate the highest common divisor of 287978 and 172002.
218
Calculate the highest common divisor of 42092 and 2934060.
2476
Calculate the highest common divisor of 28753 and 1961.
1
Calculate the highest common divisor of 315 and 5151265.
35
What is the greatest common factor of 29343585 and 375?
15
Calculate the greatest common factor of 375 and 33141.
3
What is the greatest common factor of 6 and 29855022?
6
Calculate the highest common divisor of 93612 and 323292.
348
What is the highest common factor of 336589848 and 288?
72
Calculate the greatest common factor of 110490 and 354525.
435
What is the greatest common divisor of 637579 and 252996?
727
Calculate the highest common divisor of 154 and 139569815.
77
What is the highest common divisor of 27181 and 143066?
77
What is the greatest common divisor of 2061312 and 10614?
366
What is the greatest common divisor of 144 and 125640264?
24
What is the greatest common divisor of 15 and 85732035?
15
What is the greatest common divisor of 185 and 44847219?
37
What is the highest common factor of 53623550 and 150?
50
Calculate the highest common divisor of 152540 and 222840.
20
Calculate the greatest common divisor of 87639 and 101019.
669
Calculate the greatest common factor of 849 and 1640189892.
849
What is the greatest common divisor of 72312116 and 60?
4
What is the highest common divisor of 117 and 1623915?
9
Calculate the greatest common factor of 84 and 29033697.
21
What is the greatest common factor of 6 and 31284222?
6
What is the highest common factor of 1486658841 and 3057?
3057
What is the greatest common divisor of 307933 and 1444?
361
Calculate the highest common divisor of 6321 and 3364536.
147
Calculate the highest common factor of 245 and 441192080.
245
Calculate the highest common factor of 60 and 5763196.
4
Calculate the greatest common divisor of 14586 and 553384.
442
Calculate the highest common divisor of 16672778 and 4411.
401
What is the highest common divisor of 72740 and 1820?
20
What is the greatest common factor of 54 and 105199857?
27
What is the greatest common divisor of 616 and 12775728?
56
Calculate the highest common divisor of 6664 and 2620856.
952
What is the greatest common divisor of 6456 and 849264?
24
What is the greatest common divisor of 2005025 and 77165?
1265
What is the highest common divisor of 33001196 and 3396?
1132
What is the greatest common divisor of 651 and 19475610?
21
Calculate the greatest common divisor of 167213684 and 11.
11
What is the highest common factor of 39821304 and 39372?
2316
Calculate the highest common factor of 935923191 and 21.
21
Calculate the greatest common divisor of 3654 and 1082802.
1218
Calculate the greatest common factor of 5012 and 652.
4
What is the greatest common divisor of 56 and 678482?
14
Calculate the greatest common divisor of 2784 and 822904.
232
What is the highest common divisor of 2541 and 77589897?
231
What is the highest common divisor of 107134005 and 30855?
1815
Calculate the highest common factor of 683037 and 23751.
261
Calculate the greatest common factor of 74347 and 466507.
817
What is the highest common divisor of 814969981 and 4151?
4151
What is the highest common divisor of 10782457 and 3171?
1057
What is the highest common divisor of 39022 and 229478?
358
What is the highest common divisor of 716 and 257116?
4
What is the highest common divisor of 8 and 277540?
4
Calculate the greatest common divisor of 303388 and 16498.
146
What is the highest common divisor of 686 and 15782459?
343
Calculate the highest common factor of 72082 and 2441386.
3134
Calculate the highest common factor of 1990 and 54561820.
1990
Calculate the greatest common factor of 1887 and 242202.
111
What is the highest common factor of 556 and 279473956?
556
What is the highest common factor of 3630 and 880605?
165
Calculate the highest common factor of 1273 and 229619921.
1273
What is the greatest common divisor of 17326242 and 90?
18
What is the highest common factor of 5046773 and 41752?
5219
What is the greatest common divisor of 1306661412 and 153?
51
What is the highest common divisor of 14575664 and 16991?
1307
What is the highest common divisor of 948 and 219733365?
237
Calculate the greatest common factor of 697437598 and 57.
19
What is the highest common factor of 102111014 and 2?
2
Calculate the greatest common factor of 37439656 and 584.
584
Calculate the highest common factor of 150112 and 36128.
32
Calculate the greatest common divisor of 3 and 5045520.
3
Calculate the highest common divisor of 23220800 and 850.
50
What is the highest common factor of 43236730 and 25870?
1990
What is the highest common divisor of 4958 and 1273?
67
Calculate the greatest common factor of 162904050 and 200.
50
What is the highest common factor of 1112 and 486568?
8
Calculate the highest common divisor of 87 and 165747905.
29
Calculate the greatest common divisor of 111464718 and 1362.
1362
Calculate the highest common factor of 714595271 and 26.
13
What is the highest common factor of 28692 and 1030092?
12
Calculate the highest common factor of 1245 and 185654400.
1245
What is the greatest common factor of 15470 and 9053486?
442
Calculate the greatest common divisor of 4668599 and 5383.
769
What is the greatest common factor of 4340 and 186434?
62
What is the greatest common divisor of 3740 and 414871094?
374
Calculate the highest common divisor of 5149 and 85253.
19
Calculate the greatest common factor of 1181648 and 12363.
13
Calculate the highest common factor of 19380 and 16201.
17
What is the highest common divisor of 521118 and 3278144?
4454
Calculate the highest common factor of 581951 and 9671.
19
What is the greatest common factor of 77031 and 327461?
317
Calculate the greatest common divisor of 310112 and 1199.
11
Calculate the greatest common factor of 8388 and 1201716.
36
What is the greatest common factor of 7308 and 25317?
261
What is the highest common divisor of 988601 and 697?
17
What is the greatest common divisor of 13481 and 2107001?
793
What is the highest common factor of 223151841 and 44?
11
What is the highest common divisor of 37572750 and 6750?
2250
What is the highest common divisor of 2754 and 2136780?
162
What is the greatest common factor of 116410 and 14000?
70
Calculate the highest common factor of 10686037 and 3287.
3287
Calculate the greatest common divisor of 739 and 98899631.
739
What is the greatest common factor of 68673990 and 1395?
465
What is the greatest common factor of 207749 and 89972?
83
What is the greatest common factor of 32949 and 5124?
21
Calculate the greatest common divisor of 34010544 and 2330.
466
Calculate the highest common divisor of 227 and 57303426.
227
What is the greatest common factor of 403 and 5477855?
31
Calculate the greatest common divisor of 4100375 and 425.
25
Calculate the highest common divisor of 400625 and 30768.
641
Calculate the greatest common divisor of 82403800 and 1400.
200
What is the greatest common factor of 202393506 and 84?
42
Calculate the greatest common divisor of 357401359 and 14.
7
Calculate the greatest common divisor of 30 and 32995974.
6
Calculate the greatest common divisor of 13390 and 54535.
65
Calculate the highest common divisor of 63252 and 64602.
18
Calculate the highest common factor of 4 and 23274127.
1
Calculate the highest common divisor of 39579875 and 128003.
6737
Calculate the greatest common factor of 2290 and 43070.
10
Calculate the greatest common divisor of 199394227 and 38.
19
Calculate the highest common factor of 6123 and 496899.
39
Calculate the highest common factor of 890 and 258735.
5
What is the greatest com